-34605564 (base 7) in base 9?
-5648613
Convert -1101000111001110101 (base 2) to base 8.
-1507165
What is a875c (base 15) in base 10?
534912
-4538554 (base 10) to base 11
-261a979
Convert 1352836 (base 10) to base 5.
321242321
What is -5a364a (base 12) in base 4?
-11203313122
Convert -122f0c (base 16) to base 11.
-744377
Convert -33524 (base 9) to base 16.
-5719
What is -ba2cc (base 13) in base 5?
-41233042
Convert -531774 (base 10) to base 16.
-81d3e
Convert -110100010001000100 (base 2) to base 3.
-101212200001
What is 4c37c (base 13) in base 8?
423642
Convert 102323100030 (base 4) to base 13.
104929b
What is 200140002 (base 6) in base 2?
1100110111010010100010
What is 28059 (base 10) in base 8?
66633
Convert -421402 (base 6) to base 7.
-201203
What is -223221123031 (base 4) in base 8?
-53513315
Convert 370567 (base 8) to base 4.
133011313
-728b (base 16) to base 11
-20038
What is 3201235 (base 6) in base 15?
3128b
What is -100001001111101101 (base 2) in base 4?
-201033231
What is 23125 (base 8) in base 11?
7411
100011011101011011 (base 2) to base 4
203131123
What is 2573c (base 15) in base 16?
1d3cd
4ba2b (base 13) to base 7
1122365
What is 1020012221100 (base 3) in base 8?
2375054
Convert 493879 (base 12) to base 7.
13046445
What is 21232122200 (base 4) in base 7?
30445451
-553607 (base 9) to base 16
-50bea
What is -d1cc2c (base 15) in base 11?
-5697456
-122432210 (base 6) to base 2
-1001000010001100101110
What is -1724552 (base 11) in base 16?
-2cc5aa
12122132032 (base 4) to base 8
6323616
Convert -12101000000220 (base 3) to base 14.
-544175
What is -158c8 (base 15) in base 12?
-34268
Convert -273247 (base 8) to base 16.
-176a7
Convert 301210503 (base 6) to base 15.
6abce0
Convert -65c0 (base 16) to base 5.
-1313143
What is -11772264 (base 8) in base 4?
-21333102310
What is 110222221120001 (base 3) in base 11?
3998930
Convert 1bf60d (base 16) to base 15.
262e41
Convert 675874 (base 9) to base 7.
3303352
What is -11011101011000100000 (base 2) in base 10?
-906784
Convert 10112222221 (base 3) to base 8.
210536
ccd (base 16) to base 14
12a1
Convert -694a (base 11) to base 6.
-110133
Convert ae51 (base 16) to base 5.
2412000
-5524300 (base 7) to base 12
-288861
What is 270016 (base 8) in base 5?
11003342
What is -1761516 (base 15) in base 7?
-264423006
Convert -1b4bd5 (base 14) to base 13.
-281286
Convert 13aaa9 (base 13) to base 6.
14145451
-23816 (base 12) to base 11
-32a29
-1033132422 (base 6) to base 7
-163043153
Convert -10200001100200 (base 3) to base 5.
-444341412
-1010000100010110111001 (base 2) to base 10
-2639289
101010001001110011 (base 2) to base 5
21011114
cc9ac (base 14) to base 16
790dc
2241352 (base 6) to base 2
11011111011100100
6480078 (base 9) to base 7
41362124
What is 153042134 (base 6) in base 15?
43a80d
Convert -20742630 (base 8) to base 3.
-22100122120212
Convert 111235411 (base 7) to base 15.
8d4954
What is -36e5b0 (base 15) in base 13?
-711378
What is -114440 (base 9) in base 3?
-10111111100
33000111 (base 4) to base 3
10010022100
-11140745 (base 8) to base 12
-982085
Convert 4eb604 (base 15) to base 2.
1110011100000000011001
8ff06 (base 16) to base 9
1087662
-520401403 (base 6) to base 3
-121220201011110
220042552 (base 6) to base 3
21101101222212
14028 (base 12) to base 14
a132
5259 (base 15) to base 16
4401
What is 10000111111100101 (base 2) in base 12?
34345
235452 (base 7) to base 6
525553
What is 1122031303 (base 4) in base 12?
159a17
Convert -6b5c (base 15) to base 13.
-a4ca
-20121303312 (base 4) to base 12
-8a2986
What is -35221001 (base 7) in base 14?
-5a8c38
Convert -17164 (base 9) to base 5.
-334203
Convert 1436677 (base 9) to base 2.
11000001011010111010
Convert -b3725 (base 14) to base 4.
-1221201111
Convert 489548 (base 14) to base 7.
30055021
What is 116174 (base 8) in base 12?
1b224
Convert 3422413 (base 6) to base 14.
47705
1067024 (base 8) to base 4
1012320110
1581604 (base 9) to base 7
10324513
-1169050 (base 12) to base 9
-6313366
5677848 (base 11) to base 12
33b265b
Convert 6a6457 (base 11) to base 8.
4215740
What is 16233110 (base 7) in base 14?
2cc907
103133124 (base 5) to base 4
1230020202
Convert 3351775 (base 9) to base 14.
350063
What is 550122143 (base 6) in base 3?
200110022220100
Convert 296116 (base 10) to base 4.
1020102310
Convert 8c3d61 (base 16) to base 5.
4323101003
2740296 (base 10) to base 2
1010011101000001001000
What is -46e72 (base 16) in base 7?
-2316462
-76071 (base 11) to base 13
-3b41c
What is -40403551 (base 6) in base 2?
-100011001001011011011
-29b192 (base 14) to base 3
-2201202122002
Convert 2516720 (base 9) to base 14.
2791dd
What is -26441561 (base 8) in base 5?
-3003244010
Convert -52b5b (base 12) to base 3.
-12112020022
13046663 (base 9) to base 13
1434bac
What is -3235261 (base 8) in base 11?
-542426
What is 311310103 (base 5) in base 11?
7a1465
-55729 (base 12) to base 5
-12111421
Convert 102002312 (base 4) to base 7.
425324
What is 128a5 (base 14) in base 16?
b231
1014233552 (base 6) to base 11
5a66342
1120214 (base 6) to base 12
2906a
Convert -12201111221 (base 3) to base 13.
-3c36a
-100143343 (base 5) to base 6
-12300403
Convert 4241063 (base 8) to base 3.
2010110112002
What is -101101000100010010 (base 2) in base 14?
-4b3b4
Convert 4638014 (base 9) to base 13.
6995c5
1a8478 (base 11) to base 10
318678
Convert -1b4a8 (base 14) to base 11.
-48271
Convert -100001111010010101111101 (base 2) to base 5.
-4233432400
-21350250 (base 6) to base 3
-1012100000210
Convert 302068 (base 9) to base 6.
3455055
Convert 1013001201 (base 4) to base 16.
47061
Convert -685a8 (base 12) to base 5.
-13422323
Convert 2ae5f (base 16) to base 7.
1331164
What is 32311202 (base 8) in base 9?
14014710
Convert -8409 (base 16) to base 6.
-420253
What is 769447 (base 12) in base 14?
37002b
What is 11001110101000000 (base 2) in base 11?
72535
Convert 721045 (base 8) to base 14.
62ac5
Convert -3716 (base 12) to base 9.
-8460
What is -6e9a82 (base 16) in base 7?
-115416460
What is 5a504 (base 11) in base 8?
252124
What is 15a126 (base 12) in base 5?
43314331
What is -101300014 (base 5) in base 13?
-11724b
What is -211105 (base 9) in base 13?
-4515b
What is -24035541 (base 6) in base 10?
-751669
Convert -6616116 (base 7) to base 14.
-17190d
2dbab (base 16) to base 14
4c391
What is -210200101002 (base 3) in base 13?
-11c30c
What is 217464 (base 12) in base 2?
10000001101011001100
-11101001100011111 (base 2) to base 3
-20002001000
-c2e4 (base 15) to base 10
-41164
2000532 (base 6) to base 4
112311020
Convert -4340102 (base 5) to base 14.
-1d186
What is 10200011100 (base 4) in base 7?
13013121
What is 1046461 (base 9) in base 4?
2021110012
Convert 12602464 (base 7) to base 3.
2011222001121
What is -103103011121 (base 4) in base 7?
-60666665
What is -9897d (base 16) in base 10?
-625021
What is 21574414 (base 8) in base 15?
61d251
Convert -166076 (base 12) to base 3.
-201111100100
Convert -1012211111102 (base 3) to base 4.
-2131301300
-1424116 (base 8) to base 6
-12352114
-836450 (base 9) to base 8
-1712262
Convert -17d0e (base 15) to base 3.
-10220212212
Convert 85060 (base 12) to base 14.
478b6
Convert -111001012122011 (base 3) to base 15.
-91e134
What is -3530b0 (base 12) in base 13?
-23c511
-597b27 (base 13) to base 9
-4006788
What is -10110110110001000 (base 2) in base 3?
-11202100210
-5436347 (base 10) to base 6
-312304135
What is 342303233 (base 5) in base 11?
9520a7
-10414023 (base 5) to base 15
-1c2c8
ebdcbd (base 16) to base 4
322331302331
Convert -3440448 (base 9) to base 4.
-13011121223
What is -100101011111010011111 (base 2) in base 4?
-10223322133
What is -3516463 (base 7) in base 13?
-126067
What is 414301 (base 7) in base 10?
71149
5b94c (base 15) to base 4
1013113323
-252411 (base 11) to base 8
-1412201
Convert 219508 (base 10) to base 9.
364087
What is -1952767 (base 10) in base 3?
-10200012200201
What is 62b25 (base 15) in base 2?
1001100011010110010
What is -110128 (base 9) in base 13?
-23bb2
314420153 (base 6) to base 13
11bc323
3e819 (base 15) to base 10
200949
-2cb259 (base 13) to base 15
-16dcd2
What is 11111110011001010 (base 2) in base 8?
376312
Convert 34154400 (base 6) to base 13.
2a61b6
What is 92158 (base 13) in base 11?
169676
What is 2220210000 (base 4) in base 12?
2